 factor of i and 115?
23
Let n(u) = -12*u**2 - 74*u - 3. Let r be n(-6). Let h be (-2328)/(-32) + (-3)/4. Calculate the highest common factor of r and h.
9
Let x = -2 + -34. Let d be ((-1)/(-1))/((-1)/x). Suppose 0*m - 4 = -m. What is the highest common divisor of m and d?
4
Let g(f) = f**3 + 4*f**2 + 7*f + 16. Let z be g(-3). Suppose 0 = q - 0*q - 32. Calculate the greatest common divisor of z and q.
4
Suppose d = -i + 428, 5*d - 2732 + 604 = -2*i. What is the greatest common divisor of d and 8?
8
Suppose 10 = b + 5*p - 7, -3*b + 5*p = -111. What is the greatest common factor of 88 and b?
8
Suppose 2*w = 5*w - 6. Suppose -2*c = -u, -2*c + 1 = -w*u - 1. Let x be 0 + ((-50)/c - 1). What is the highest common factor of x and 7?
7
Suppose 2*c - 8 - 40 = 0. Suppose 3*h = 4*s - 660, 5*h + 183 = 3*s - 301. What is the greatest common factor of c and s?
24
Suppose -18*r = -5116 + 1390. What is the highest common factor of r and 46?
23
Let b(h) = 9*h**2 + 7*h + 14. Let z be b(-3). Calculate the highest common divisor of 2 and z.
2
Suppose 2124 = 2*g - 6*d + 10*d, 0 = -4*g - 4*d + 4248. Calculate the highest common factor of g and 236.
118
Let z be -2*(0 + 0 + 3/(-2)). Suppose 364 = z*c + 4*o, 0*o = -c + 2*o + 118. Calculate the greatest common factor of c and 12.
12
Let p = -25 + 109. Let m(d) = 5*d + 3*d + d + 0 - 4 - d**2. Let u be m(6). Calculate the highest common divisor of u and p.
14
Suppose 640*s - 632*s - 544 = 0. Let i be 0 + 0 - 1*-17. Calculate the highest common divisor of i and s.
17
Let x be 326/20 - (-261)/(-870). Let h be -24*1*1*-2. What is the highest common divisor of x and h?
16
Suppose 2*t = -o - 2*o + 19, -79 = -5*t + 3*o. Let f = t + -14. Suppose -3 = h - 4*k - 35, f = 4*h + 3*k - 71. Calculate the greatest common factor of h and 60.
20
Let y = 890 + -799. What is the greatest common factor of 208 and y?
13
Let h(q) = q**2 - 7*q + 22. Let j be h(4). Suppose 11*a = 226 + 49. What is the highest common divisor of a and j?
5
Suppose -3*n = 3*v + 2*n + 36, -v - 3*n - 16 = 0. Let o be ((-136)/(-24) + v)*3*-28. What is the greatest common divisor of o and 32?
16
Let p(u) = -31*u - 23. Let b be p(-1). Calculate the greatest common divisor of 12 and b.
4
Let q be -3 + ((-5)/(-1) - 2). Suppose q = 2*v - 4*d - 104, 14 + 98 = 2*v - 2*d. Let j = 35 - 23. What is the greatest common factor of v and j?
12
Let r(f) = 11*f. Let z be r(1). Let s(g) = g**3 + 46*g**2 + 129*g + 22. Let o be s(-43). What is the greatest common divisor of z and o?
11
Suppose 2*t = 9*t - 63. Suppose 2 = r, -3*i + 0*r + 118 = 5*r. Calculate the greatest common factor of t and i.
9
Let l be ((22 + 5)*5)/(6/4). Suppose n = -2*n + 15. Suppose -x + 15 = 3*m, 1 = -x - n*m + 14. What is the highest common divisor of l and x?
18
Suppose -m + 5*l = -5*m + 33, 9 = -3*m + 3*l. What is the highest common divisor of 22 and m?
2
Let p(u) = u**3 + 21*u**2 + 37*u - 19. Let n be p(-19). Suppose -3*i - a = -13 - 13, n = -2*i + 5*a + 40. What is the highest common divisor of 35 and i?
5
Let s be (-1)/(-2)*3192/(6 + 1). Calculate the highest common divisor of 76 and s.
76
Let f = -528 - -748. Calculate the greatest common divisor of f and 20.
20
Suppose 11*i - 14*i - 5*c = -2057, -2 = c. What is the highest common factor of i and 53?
53
Suppose 70 = 19*u - 101. Suppose -3*y + 96 = 15. Calculate the highest common divisor of u and y.
9
Let b be 3/6 - 25/(-10). Let u(z) = 5*z**2 + 9*z - 10*z**2 - z**3 - 4*z + 4*z - 2. Let t be u(-7). Calculate the highest common factor of t and b.
3
Suppose -124 = -5*x + 16. What is the highest common factor of x and 910?
14
Let p be (222/(-12))/((-3)/42). What is the greatest common factor of p and 37?
37
Suppose 55*k = 27*k + 1456. What is the greatest common divisor of 39 and k?
13
Let v(w) = -8*w**3 - 5*w**2 + 8*w + 5. Let d be v(-5). Calculate the greatest common divisor of 315 and d.
105
Let k be (176/33 + 3)/(2/18). What is the greatest common factor of k and 275?
25
Suppose 3*x + 4*s - 2 = 15, 4*x - 2*s = 30. Calculate the highest common factor of 91 and x.
7
Let q(g) = 11*g + 2. Let r be q(5). Let i = 375 + -299. Calculate the greatest common divisor of r and i.
19
Let a(v) = v**2 - 28*v - 209. Let y be a(-7). Calculate the highest common factor of y and 684.
36
Suppose 19*i - 7582 = -970. What is the greatest common factor of 132 and i?
12
Suppose 3*r + 2*u + 0*u - 76 = 0, -5*r = u - 136. What is the greatest common factor of 28 and r?
28
Let y be (-1)/((-189)/91 - -2) - -3. Let n be 0 - -8 - (-1 - -1). Calculate the highest common factor of n and y.
8
Suppose 507 = -9*n + 22*n. Let c(s) = s**2 + s + 6. Let w be c(-5). Calculate the highest common divisor of n and w.
13
Let t be (2 + (-3 - -2))*2. Let r be 13*t - (-6)/(-3). Let m be (-18)/r*32/(-1). Calculate the greatest common factor of 3 and m.
3
Let j(i) = 4*i - 4. Let a be j(2). What is the highest common divisor of a and 16?
4
Let q(b) = -7*b - 3. Let v be q(-3). Let h = 252 + -250. What is the highest common factor of v and h?
2
Let a = 471 - 467. What is the greatest common divisor of a and 24?
4
Let u = 752 - 688. What is the greatest common divisor of u and 256?
64
Let f(b) = b**3 - 7*b**2 + 6*b - 9. Let a be f(6). Let y be a/6 + (-1)/2. Let i be 5/(-5) + 5 + y. Calculate the highest common factor of i and 6.
2
Let i be 0 - (-3 + 6 + -6). Suppose -4*o = -3*o - i. Suppose -5 - 10 = -o*j. What is the greatest common divisor of 10 and j?
5
Let f = 252 + -246. Suppose 5*s + 0 = 10. Suppose -6*r = -3*n - 2*r + 14, -s*n = 5*r + 6. What is the highest common divisor of f and n?
2
Let i(y) = 3*y**2 - 22*y - 8. Let t = 70 + -60. Let m be i(t). What is the highest common divisor of 24 and m?
24
Suppose -3*k - 5*x + 33 = 0, 2*x - 11 = -k - x. Suppose 0*q - k*q + 44 = 0. What is the highest common factor of q and 44?
4
Let l be 4/20 - 112/10. Let n(y) = y**3 + 11*y**2 - 2*y - 14. Let z be n(l). Calculate the highest common factor of 56 and z.
8
Let f be ((11 + -1)/2)/(-1). Let p(t) = -t - 7. Let y be p(-7). Let k be y + 95 - (f + 1). What is the greatest common divisor of k and 9?
9
Suppose 3*s - 208 - 277 = -4*a, -5*s - 493 = -4*a. What is the greatest common divisor of 183 and a?
61
Let q be (8/4 - 4) + 44. Let b be 10 - (2 + -1)*(8 + -4). Calculate the greatest common divisor of q and b.
6
Suppose p - 10 = -4*j, -5*p + 5*j = -3*p - 20. Suppose -r - 3*r = -440. What is the greatest common divisor of r and p?
10
Let q be (-12)/(-54) - (-8950)/(-18). Let w = q - -257. Let j be w/(-18) + 2/3. Calculate the highest common divisor of j and 14.
14
Let q(o) = 3*o**2 - o - 7. Let m be q(-6). Suppose -4*t + m = -9. Calculate the greatest common factor of t and 29.
29
Suppose h + s - 43 = 2*s, 0 = -2*s - 6. Let g be h/12*48/20. Suppose 10 = j - 14. Calculate the greatest common divisor of g and j.
8
Let s = 667 + -450. Calculate the greatest common factor of 93 and s.
31
Suppose 2*q = a + 330, -3*a + 644 = 4*q - a. Let n = 317 - q. Calculate the greatest common factor of 28 and n.
14
Let v be (0 - 0)*(-23)/69. Let d be v + 0 + (-18)/(-3). Suppose d*f - 270 = f + 3*j, 0 = 4*f - 5*j - 216. What is the highest common factor of f and 18?
18
Suppose -h = 2 - 3, 0 = -2*v + h + 361. Suppose -v = 4*g - 1677. Calculate the greatest common factor of g and 34.
34
Let y = 37 + 283. Calculate the greatest common divisor of 10 and y.
10
Let j(f) = -f + 23. Let n be j(-17). Let k = n - 14. What is the highest common divisor of k and 39?
13
Suppose -4*l - k + 0 = -10, 0 = 3*k - 6. Let w(d) = 4*d + 6*d + 6 + 11*d - 7*d**2 + l - d**3. Let c be w(-10). What is the highest common divisor of 14 and c?
14
Let t(a) = -2*a. Let f = -22 - -22. Suppose 0 = -6*h - 42 - f. Let j be t(h). Calculate the greatest common factor of j and 126.
14
Let q = 778 + -747. Calculate the highest common factor of q and 713.
31
Suppose x - 9 = 9. Suppose 150 = -0*k + 3*k. Let l = k - 23. What is the greatest common factor of x and l?
9
Suppose -5*j = 2*a - 2242, 0*a = -3*j + 3*a + 1362. Calculate the greatest common divisor of 100 and j.
50
Let s(d) = -d**3 + 9*d**2 - d + 9. Let w be s(9). Suppose w*m = 2*m - 272. Suppose 16 - m = -4*g. What is the greatest common factor of 45 and g?
15
Let n(u) be the second derivative of u**5/20 + 11*u**4/12